{"version":"1.0","provider_name":"Centre Excursionista Taradell","provider_url":"https:\/\/cetaradell.cat\/ce","title":"Curses del juny del CET-L\u2019Enclusa-O - Centre Excursionista Taradell","type":"rich","width":600,"height":338,"html":"<blockquote class=\"wp-embedded-content\" data-secret=\"13fRdY56iO\"><a href=\"https:\/\/cetaradell.cat\/ce\/curses-del-juny-del-cet-lenclusa-o\/\">Curses del juny del CET-L\u2019Enclusa-O<\/a><\/blockquote><iframe sandbox=\"allow-scripts\" security=\"restricted\" src=\"https:\/\/cetaradell.cat\/ce\/curses-del-juny-del-cet-lenclusa-o\/embed\/#?secret=13fRdY56iO\" width=\"600\" height=\"338\" title=\"&#8220;Curses del juny del CET-L\u2019Enclusa-O&#8221; &#8212; Centre Excursionista Taradell\" data-secret=\"13fRdY56iO\" frameborder=\"0\" marginwidth=\"0\" marginheight=\"0\" scrolling=\"no\" class=\"wp-embedded-content\"><\/iframe><script type=\"text\/javascript\">\n\/* <![CDATA[ *\/\n\/*! This file is auto-generated *\/\n!function(d,l){\"use strict\";l.querySelector&&d.addEventListener&&\"undefined\"!=typeof URL&&(d.wp=d.wp||{},d.wp.receiveEmbedMessage||(d.wp.receiveEmbedMessage=function(e){var t=e.data;if((t||t.secret||t.message||t.value)&&!\/[^a-zA-Z0-9]\/.test(t.secret)){for(var s,r,n,a=l.querySelectorAll('iframe[data-secret=\"'+t.secret+'\"]'),o=l.querySelectorAll('blockquote[data-secret=\"'+t.secret+'\"]'),c=new RegExp(\"^https?:$\",\"i\"),i=0;i<o.length;i++)o[i].style.display=\"none\";for(i=0;i<a.length;i++)s=a[i],e.source===s.contentWindow&&(s.removeAttribute(\"style\"),\"height\"===t.message?(1e3<(r=parseInt(t.value,10))?r=1e3:~~r<200&&(r=200),s.height=r):\"link\"===t.message&&(r=new URL(s.getAttribute(\"src\")),n=new URL(t.value),c.test(n.protocol))&&n.host===r.host&&l.activeElement===s&&(d.top.location.href=t.value))}},d.addEventListener(\"message\",d.wp.receiveEmbedMessage,!1),l.addEventListener(\"DOMContentLoaded\",function(){for(var e,t,s=l.querySelectorAll(\"iframe.wp-embedded-content\"),r=0;r<s.length;r++)(t=(e=s[r]).getAttribute(\"data-secret\"))||(t=Math.random().toString(36).substring(2,12),e.src+=\"#?secret=\"+t,e.setAttribute(\"data-secret\",t)),e.contentWindow.postMessage({message:\"ready\",secret:t},\"*\")},!1)))}(window,document);\n\/\/# sourceURL=https:\/\/cetaradell.cat\/ce\/wp-includes\/js\/wp-embed.min.js\n\/* ]]> *\/\n<\/script>\n","thumbnail_url":"https:\/\/cetaradell.cat\/ce\/wp-content\/uploads\/2017-06-03-rogaine-Tinen\u00e7a_de_Benifass\u00e0-foto_lanovafita-2.jpg","thumbnail_width":1504,"thumbnail_height":1000,"description":"Rogaine de la Tinen\u00e7a de Benifass\u00e0 El 3 de juny a localitat castellonenca de El Boixar es va celebrar la 2a edici\u00f3 del Rogaine de la Tinen\u00e7a de Benifass\u00e0, que puntuava pel Campionat\u00a0 Iberogaine, en aquesta edici\u00f3 es podia competir en una prova de 4 hores o en una de [...]"}

https://cetaradell.cat/ce/wp-content/uploads/2017-06-03-rogaine-Tinença_de_Benifassà-foto_lanovafita-2.jpg

Rogaine de la Tinença de Benifassà El 3 de juny a localitat castellonenca de El Boixar es va celebrar la 2a edició del Rogaine de la Tinença de Benifassà, que puntuava pel Campionat  Iberogaine, en aquesta edició es podia competir en una prova de 4 hores o en una de [...]
