{"version":"1.0","provider_name":"Centre Excursionista Taradell","provider_url":"https:\/\/cetaradell.cat\/ce","title":"El CET a la Lliga Nord-O 2018 - Centre Excursionista Taradell","type":"rich","width":600,"height":338,"html":"<blockquote class=\"wp-embedded-content\" data-secret=\"GuI6IDKjJy\"><a href=\"https:\/\/cetaradell.cat\/ce\/el-cet-a-la-lliga-nord-o-2018\/\">El CET a la Lliga Nord-O 2018<\/a><\/blockquote><iframe sandbox=\"allow-scripts\" security=\"restricted\" src=\"https:\/\/cetaradell.cat\/ce\/el-cet-a-la-lliga-nord-o-2018\/embed\/#?secret=GuI6IDKjJy\" width=\"600\" height=\"338\" title=\"&#8220;El CET a la Lliga Nord-O 2018&#8221; &#8212; Centre Excursionista Taradell\" data-secret=\"GuI6IDKjJy\" frameborder=\"0\" marginwidth=\"0\" marginheight=\"0\" scrolling=\"no\" class=\"wp-embedded-content\"><\/iframe><script type=\"text\/javascript\">\n\/* <![CDATA[ *\/\n\/*! This file is auto-generated *\/\n!function(d,l){\"use strict\";l.querySelector&&d.addEventListener&&\"undefined\"!=typeof URL&&(d.wp=d.wp||{},d.wp.receiveEmbedMessage||(d.wp.receiveEmbedMessage=function(e){var t=e.data;if((t||t.secret||t.message||t.value)&&!\/[^a-zA-Z0-9]\/.test(t.secret)){for(var s,r,n,a=l.querySelectorAll('iframe[data-secret=\"'+t.secret+'\"]'),o=l.querySelectorAll('blockquote[data-secret=\"'+t.secret+'\"]'),c=new RegExp(\"^https?:$\",\"i\"),i=0;i<o.length;i++)o[i].style.display=\"none\";for(i=0;i<a.length;i++)s=a[i],e.source===s.contentWindow&&(s.removeAttribute(\"style\"),\"height\"===t.message?(1e3<(r=parseInt(t.value,10))?r=1e3:~~r<200&&(r=200),s.height=r):\"link\"===t.message&&(r=new URL(s.getAttribute(\"src\")),n=new URL(t.value),c.test(n.protocol))&&n.host===r.host&&l.activeElement===s&&(d.top.location.href=t.value))}},d.addEventListener(\"message\",d.wp.receiveEmbedMessage,!1),l.addEventListener(\"DOMContentLoaded\",function(){for(var e,t,s=l.querySelectorAll(\"iframe.wp-embedded-content\"),r=0;r<s.length;r++)(t=(e=s[r]).getAttribute(\"data-secret\"))||(t=Math.random().toString(36).substring(2,12),e.src+=\"#?secret=\"+t,e.setAttribute(\"data-secret\",t)),e.contentWindow.postMessage({message:\"ready\",secret:t},\"*\")},!1)))}(window,document);\n\/\/# sourceURL=https:\/\/cetaradell.cat\/ce\/wp-includes\/js\/wp-embed.min.js\n\/* ]]> *\/\n<\/script>\n","thumbnail_url":"https:\/\/cetaradell.cat\/ce\/wp-content\/uploads\/2018-09-02-Vilada-1.jpeg","thumbnail_width":1436,"thumbnail_height":1077,"description":"Aquest setembre s\u2019han celebrat dues de les 10 curses del calendari de la Lliga Nord de Curses d\u2019Orientaci\u00f3, de manera que nom\u00e9s en faltar\u00e0 una per completar el calendari del 2018. A la cursa d\u2019Aiguafreda que est\u00e0 previst que es disputi\u00a0 pel desembre es decidiran els campions de la majoria [...]"}

Aquest setembre s’han celebrat dues de les 10 curses del calendari de la Lliga Nord de Curses d’Orientació, de manera que només en faltarà una per completar el calendari del 2018. A la cursa d’Aiguafreda que està previst que es disputi  pel desembre es decidiran els campions de la majoria [...]
