{"version":"1.0","provider_name":"Centre Excursionista Taradell","provider_url":"https:\/\/cetaradell.cat\/ce","title":"Festa dels 100 Cims \u2013 2017 - Centre Excursionista Taradell","type":"rich","width":600,"height":338,"html":"<blockquote class=\"wp-embedded-content\" data-secret=\"nRmdrOCapH\"><a href=\"https:\/\/cetaradell.cat\/ce\/festa-dels-100-cims-2017\/\">Festa dels 100 Cims \u2013 2017<\/a><\/blockquote><iframe sandbox=\"allow-scripts\" security=\"restricted\" src=\"https:\/\/cetaradell.cat\/ce\/festa-dels-100-cims-2017\/embed\/#?secret=nRmdrOCapH\" width=\"600\" height=\"338\" title=\"&#8220;Festa dels 100 Cims \u2013 2017&#8221; &#8212; Centre Excursionista Taradell\" data-secret=\"nRmdrOCapH\" frameborder=\"0\" marginwidth=\"0\" marginheight=\"0\" scrolling=\"no\" class=\"wp-embedded-content\"><\/iframe><script type=\"text\/javascript\">\n\/* <![CDATA[ *\/\n\/*! This file is auto-generated *\/\n!function(d,l){\"use strict\";l.querySelector&&d.addEventListener&&\"undefined\"!=typeof URL&&(d.wp=d.wp||{},d.wp.receiveEmbedMessage||(d.wp.receiveEmbedMessage=function(e){var t=e.data;if((t||t.secret||t.message||t.value)&&!\/[^a-zA-Z0-9]\/.test(t.secret)){for(var s,r,n,a=l.querySelectorAll('iframe[data-secret=\"'+t.secret+'\"]'),o=l.querySelectorAll('blockquote[data-secret=\"'+t.secret+'\"]'),c=new RegExp(\"^https?:$\",\"i\"),i=0;i<o.length;i++)o[i].style.display=\"none\";for(i=0;i<a.length;i++)s=a[i],e.source===s.contentWindow&&(s.removeAttribute(\"style\"),\"height\"===t.message?(1e3<(r=parseInt(t.value,10))?r=1e3:~~r<200&&(r=200),s.height=r):\"link\"===t.message&&(r=new URL(s.getAttribute(\"src\")),n=new URL(t.value),c.test(n.protocol))&&n.host===r.host&&l.activeElement===s&&(d.top.location.href=t.value))}},d.addEventListener(\"message\",d.wp.receiveEmbedMessage,!1),l.addEventListener(\"DOMContentLoaded\",function(){for(var e,t,s=l.querySelectorAll(\"iframe.wp-embedded-content\"),r=0;r<s.length;r++)(t=(e=s[r]).getAttribute(\"data-secret\"))||(t=Math.random().toString(36).substring(2,12),e.src+=\"#?secret=\"+t,e.setAttribute(\"data-secret\",t)),e.contentWindow.postMessage({message:\"ready\",secret:t},\"*\")},!1)))}(window,document);\n\/\/# sourceURL=https:\/\/cetaradell.cat\/ce\/wp-includes\/js\/wp-embed.min.js\n\/* ]]> *\/\n<\/script>\n","thumbnail_url":"https:\/\/cetaradell.cat\/ce\/wp-content\/uploads\/Pic-de-la-Dona-28-02-2010-017_Xevi_Blancafort.jpg","thumbnail_width":1181,"thumbnail_height":791,"description":"Xavi Blancafort obt\u00e9 el tercer premi del 8\u00e8 Concurs Fotocims Com cada any la FEEC va celebrar la festa dels 100 Cims. Cal dir que el repte del 100 Cims t\u00e9 com a objectiu donar a con\u00e8ixer indrets de les nostres comarques amb cims els quals no cal que destaquin [...]"}

Xavi Blancafort obté el tercer premi del 8è Concurs Fotocims Com cada any la FEEC va celebrar la festa dels 100 Cims. Cal dir que el repte del 100 Cims té com a objectiu donar a conèixer indrets de les nostres comarques amb cims els quals no cal que destaquin [...]
